 factors of 20501295?
3, 5, 1366753
What are the prime factors of 583431867?
3, 64825763
List the prime factors of 1119234354.
2, 3, 7, 31, 503, 1709
List the prime factors of 9241000494.
2, 3, 11, 3907, 35837
List the prime factors of 945583976.
2, 29, 47, 86719
List the prime factors of 75481621.
31, 983, 2477
List the prime factors of 4081762918.
2, 149, 2341, 5851
What are the prime factors of 261998662?
2, 17, 71, 108533
What are the prime factors of 2060129451?
3, 53, 547, 23687
What are the prime factors of 611205710?
2, 5, 157, 389303
List the prime factors of 41786862.
2, 3, 13, 211, 2539
List the prime factors of 768898062.
2, 3, 14238853
What are the prime factors of 91917164?
2, 17, 491, 2753
What are the prime factors of 45064318?
2, 13, 29, 59, 1013
What are the prime factors of 2157432?
2, 3, 241, 373
List the prime factors of 25999319.
47, 101, 5477
What are the prime factors of 29957320?
2, 5, 748933
What are the prime factors of 40071311?
7, 241, 23753
List the prime factors of 111658538.
2, 167, 181, 1847
List the prime factors of 5391895090.
2, 5, 2111, 255419
What are the prime factors of 4192119619?
149, 28135031
List the prime factors of 165397611.
3, 179, 308003
What are the prime factors of 1262714851?
293, 2063, 2089
List the prime factors of 2469380924.
2, 23, 509, 52733
What are the prime factors of 925635279?
3, 107, 2883599
List the prime factors of 122211712.
2, 7, 136397
List the prime factors of 750253799.
750253799
List the prime factors of 6255542549.
6255542549
List the prime factors of 19275703.
1223, 15761
What are the prime factors of 254455184?
2, 17, 41, 22817
What are the prime factors of 865256269?
61, 79, 409, 439
List the prime factors of 3135080.
2, 5, 13, 6029
What are the prime factors of 4152501126?
2, 3, 29, 294629
List the prime factors of 23805185.
5, 17, 280061
List the prime factors of 3570208726.
2, 7, 17, 15000877
What are the prime factors of 342368385?
3, 5, 22824559
List the prime factors of 984629117.
953, 1033189
List the prime factors of 43203300.
2, 3, 5, 7, 2939
List the prime factors of 76213735.
5, 13, 53, 22123
List the prime factors of 171120849.
3, 337, 169259
List the prime factors of 93369040.
2, 5, 19, 53, 61
What are the prime factors of 4073091835?
5, 109, 821, 9103
List the prime factors of 729343005.
3, 5, 757, 64231
List the prime factors of 114141105.
3, 5, 13, 59, 3307
What are the prime factors of 187944433?
1381, 136093
List the prime factors of 18381775.
5, 735271
List the prime factors of 1838923991.
23, 139, 575203
What are the prime factors of 28345173?
3, 557, 16963
What are the prime factors of 357032057?
1051, 339707
List the prime factors of 98204872.
2, 12275609
List the prime factors of 41906500.
2, 5, 83813
What are the prime factors of 38213509?
811, 47119
What are the prime factors of 17554425?
3, 5, 7, 29, 1153
List the prime factors of 82687709.
13, 6360593
What are the prime factors of 2691308625?
3, 5, 7176823
List the prime factors of 139776557.
569, 245653
What are the prime factors of 72789488?
2, 31, 101, 1453
What are the prime factors of 1012130009?
11, 92011819
List the prime factors of 339303389.
339303389
List the prime factors of 1188410152.
2, 113, 1314613
What are the prime factors of 40553493?
3, 317, 42643
List the prime factors of 71363152.
2, 7, 637171
List the prime factors of 1643559532.
2, 410889883
List the prime factors of 170170884.
2, 3, 13, 17, 73, 293
List the prime factors of 67321397.
11, 13, 470779
What are the prime factors of 28745291?
1033, 27827
List the prime factors of 7159224512.
2, 11, 41, 248033
What are the prime factors of 1811121300?
2, 3, 5, 43, 53, 883
What are the prime factors of 803594257?
803594257
List the prime factors of 63338481.
3, 17, 23, 41, 439
List the prime factors of 2714728703.
677, 4009939
What are the prime factors of 78487671?
3, 26162557
What are the prime factors of 960368896?
2, 17, 220673
List the prime factors of 97225143.
3, 32408381
List the prime factors of 58612278.
2, 3, 127, 76919
What are the prime factors of 276995708?
2, 11, 71, 88667
List the prime factors of 41761398.
2, 3, 7, 994319
List the prime factors of 5757201397.
14831, 388187
List the prime factors of 585677048.
2, 11, 31, 214691
What are the prime factors of 15606268?
2, 31, 127, 991
List the prime factors of 126909070.
2, 5, 12690907
List the prime factors of 1330358158.
2, 139, 1777, 2693
List the prime factors of 178729267.
67, 2667601
What are the prime factors of 664537251?
3, 7, 31644631
List the prime factors of 19148163.
3, 1627, 3923
What are the prime factors of 128526802?
2, 53, 1212517
What are the prime factors of 17372202?
2, 3, 101, 109, 263
What are the prime factors of 5533722614?
2, 7, 395265901
What are the prime factors of 132352045?
5, 7, 59, 107, 599
What are the prime factors of 55128323?
31, 61, 29153
What are the prime factors of 385037429?
7, 37, 61, 24371
What are the prime factors of 100646309?
347, 290047
What are the prime factors of 3430463985?
3, 5, 13, 67, 87523
What are the prime factors of 293741345?
5, 58748269
What are the prime factors of 143936920?
2, 5, 3598423
List the prime factors of 194786376.
2, 3, 59, 151, 911
What are the prime factors of 289780998?
2, 3, 13, 53, 191, 367
What are the prime factors of 1303634562?
2, 3, 17, 12780731
List the prime factors of 158867685.
3, 5, 3530393
List the prime factors of 45284307.
3, 173, 87253
List the prime factors of 314723277.
3, 11, 19, 167317
List the prime factors of 120488181.
3, 11, 3651157
What are the prime factors of 9074056?
2, 17, 66721
List the prime factors of 1953353254.
2, 19, 2393, 21481
List the prime factors of 63493744.
2, 19, 331, 631
What are the prime factors of 71081715?
3, 5, 4738781
List the prime factors of 74881115.
5, 467, 32069
What are the prime factors of 46590544?
2, 7, 11, 13, 2909
What are the prime factors of 4497573647?
7, 642510521
What are the prime factors of 927478629?
3, 7, 11, 137, 9769
List the prime factors of 1036921877.
1036921877
List the prime factors of 2472419413.
257, 353, 27253
List the prime factors of 3006518312.
2, 7, 269, 199583
List the prime factors of 76201556.
2, 19050389
What are the prime factors of 468445992?
2, 3, 7, 41, 47, 1447
What are the prime factors of 13425913?
19, 277, 2551
List the prime factors of 43846678.
2, 61, 281, 1279
What are the prime factors of 58065303?
3, 19355101
List the prime factors of 5619974281.
3671, 1530911
What are the prime factors of 163310159?
163310159
What are the prime factors of 197956483?
17, 31, 149, 2521
What are the prime factors of 85242875?
5, 681943
List the prime factors of 7085185173.
3, 11, 131, 546317
What are the prime factors of 39743511?
3, 401, 33037
List the prime factors of 324374757.
3, 7, 43, 7331
What are the prime factors of 1727373085?
5, 53, 73, 89293
What are the prime factors of 1062592314?
2, 3, 7, 1549, 16333
What are the prime factors of 1379763615?
3, 5, 823, 111767
What are the prime factors of 148893590?
2, 5, 14889359
List the prime factors of 402630256.
2, 7, 61, 8419
What are the prime factors of 37214997?
3, 12404999
What are the prime factors of 1318613769?
3, 11, 4439777
List the prime factors of 122836496.
2, 7677281
What are the prime factors of 113560033?
43, 61417
List the prime factors of 5434247660.
2, 5, 271712383
What are the prime factors of 77179181?
31, 379, 6569
What are the prime factors of 14707506?
2, 3, 11, 222841
List the prime factors of 58602100.
2, 5, 53, 11057
List the prime factors of 1276220499.
3, 2819, 150907
List the prime factors of 568546512.
2, 3, 11844719
List the prime factors of 198417296.
2, 7, 11, 161053
What are the prime factors of 592381628?
2, 1283, 115429
What are the prime factors of 181825753?
719, 252887
List the prime factors of 1142652020.
2, 5, 19, 127, 23677
List the prime factors of 47738113.
47738113
What are the prime factors of 1212202658?
2, 37, 953, 17189
What are the prime factors of 75603741?
3, 25201247
List the prime factors of 1976334049.
1976334049
What are the prime factors of 506307230?
2, 5, 11, 13, 29, 421
What are the prime factors of 451094356?
2, 112773589
List the prime factors of 336583303.
7, 6869047
List the prime fac